re the prime factors of 239030?
2, 5, 11, 41, 53
What are the prime factors of 338662?
2, 29, 5839
What are the prime factors of 2819593?
7, 23, 83, 211
What are the prime factors of 986473?
79, 12487
What are the prime factors of 3622499?
3622499
What are the prime factors of 382652?
2, 271, 353
List the prime factors of 271446.
2, 3, 7, 23, 281
What are the prime factors of 7622043?
3, 11, 13, 109, 163
What are the prime factors of 29893781?
3797, 7873
List the prime factors of 423911.
73, 5807
What are the prime factors of 910300?
2, 5, 9103
What are the prime factors of 88797?
3, 29599
List the prime factors of 48166.
2, 24083
List the prime factors of 7169096.
2, 11, 41, 1987
List the prime factors of 2785988.
2, 696497
What are the prime factors of 197099?
7, 37, 761
What are the prime factors of 23850092?
2, 7, 19, 127, 353
What are the prime factors of 4681352?
2, 13, 45013
What are the prime factors of 292133?
292133
What are the prime factors of 4375521?
3, 53, 9173
List the prime factors of 11754407.
7, 19, 88379
What are the prime factors of 17661602?
2, 7, 19, 67, 991
List the prime factors of 144133.
11, 13103
What are the prime factors of 4748929?
4748929
List the prime factors of 1048181.
53, 19777
What are the prime factors of 920926?
2, 460463
What are the prime factors of 973889?
7, 23, 263
What are the prime factors of 73705?
5, 14741
What are the prime factors of 4009864?
2, 501233
List the prime factors of 540698.
2, 409, 661
List the prime factors of 235915.
5, 29, 1627
What are the prime factors of 1914819?
3, 23, 27751
List the prime factors of 793907.
821, 967
What are the prime factors of 3279294?
2, 3, 23, 89
List the prime factors of 1400291.
839, 1669
What are the prime factors of 123472?
2, 7717
What are the prime factors of 608164?
2, 152041
List the prime factors of 18524425.
5, 149, 4973
What are the prime factors of 491388?
2, 3, 40949
What are the prime factors of 663705?
3, 5, 7, 43
What are the prime factors of 45700?
2, 5, 457
What are the prime factors of 508342?
2, 433, 587
What are the prime factors of 415499?
7, 59357
List the prime factors of 5269944.
2, 3, 23, 9547
What are the prime factors of 12978651?
3, 7, 618031
List the prime factors of 249641.
7, 19, 1877
List the prime factors of 1049504.
2, 32797
What are the prime factors of 5506954?
2, 2753477
What are the prime factors of 3928872?
2, 3, 127, 1289
What are the prime factors of 166382?
2, 23, 3617
List the prime factors of 529003.
529003
What are the prime factors of 2154191?
13, 165707
What are the prime factors of 6327675?
3, 5, 28123
What are the prime factors of 1308705?
3, 5, 43, 2029
List the prime factors of 17776082.
2, 31, 286711
List the prime factors of 641748.
2, 3, 53479
What are the prime factors of 157238?
2, 29, 2711
List the prime factors of 2049374.
2, 929, 1103
List the prime factors of 2732894.
2, 37, 36931
What are the prime factors of 89094?
2, 3, 31, 479
What are the prime factors of 337638?
2, 3, 7, 8039
List the prime factors of 1366630.
2, 5, 17, 8039
What are the prime factors of 151112?
2, 13, 1453
What are the prime factors of 501658?
2, 250829
What are the prime factors of 2685047?
1511, 1777
List the prime factors of 1265762.
2, 632881
List the prime factors of 1035620.
2, 5, 53, 977
What are the prime factors of 302912?
2, 4733
List the prime factors of 2353390.
2, 5, 13, 43, 421
List the prime factors of 85301.
197, 433
What are the prime factors of 8989?
89, 101
List the prime factors of 6478875.
3, 5, 13, 443
What are the prime factors of 291586?
2, 31, 4703
What are the prime factors of 2213846?
2, 1106923
What are the prime factors of 9400012?
2, 281, 8363
List the prime factors of 7806895.
5, 839, 1861
What are the prime factors of 99402?
2, 3, 16567
List the prime factors of 172898.
2, 11, 29, 271
List the prime factors of 370715.
5, 74143
List the prime factors of 141532.
2, 41, 863
List the prime factors of 1432768.
2, 61, 367
List the prime factors of 2599814.
2, 7, 233, 797
What are the prime factors of 126311?
126311
What are the prime factors of 448252?
2, 7, 2287
List the prime factors of 3339144.
2, 3, 5153
List the prime factors of 66720.
2, 3, 5, 139
List the prime factors of 1233074.
2, 616537
List the prime factors of 790346.
2, 395173
List the prime factors of 2333564.
2, 583391
List the prime factors of 1549664.
2, 79, 613
What are the prime factors of 10527053?
10527053
What are the prime factors of 12591125?
5, 263, 383
List the prime factors of 1141875.
3, 5, 7, 29
What are the prime factors of 3688448?
2, 1801
List the prime factors of 4536591.
3, 1512197
List the prime factors of 1832684.
2, 7, 29, 37, 61
List the prime factors of 22424826.
2, 3, 19, 196709
List the prime factors of 175530.
2, 3, 5, 5851
What are the prime factors of 13744794?
2, 3, 7, 46751
List the prime factors of 1359638.
2, 7, 97117
What are the prime factors of 2153354?
2, 7, 43, 73
What are the prime factors of 3388502?
2, 13, 53, 2459
What are the prime factors of 2510432?
2, 19, 4129
What are the prime factors of 97912?
2, 12239
List the prime factors of 2183407.
37, 59011
List the prime factors of 1422815.
5, 17, 19, 881
List the prime factors of 364261.
563, 647
List the prime factors of 18096765.
3, 5, 43, 28057
List the prime factors of 12862669.
2687, 4787
What are the prime factors of 419984?
2, 26249
List the prime factors of 327087.
3, 36343
List the prime factors of 108063.
3, 12007
What are the prime factors of 7738064?
2, 483629
List the prime factors of 1237951.
11, 13, 787
List the prime factors of 1572239.
1572239
What are the prime factors of 24441143?
577, 42359
List the prime factors of 124099.
193, 643
List the prime factors of 8571461.
59, 131, 1109
What are the prime factors of 1870552?
2, 73, 3203
What are the prime factors of 41520?
2, 3, 5, 173
List the prime factors of 18360906.
2, 3, 3060151
List the prime factors of 692145.
3, 5, 1709
What are the prime factors of 10645449?
3, 3548483
What are the prime factors of 4455770?
2, 5, 11, 40507
What are the prime factors of 24148888?
2, 607, 4973
List the prime factors of 1555289.
1555289
List the prime factors of 25631457.
3, 8543819
List the prime factors of 10738176.
2, 3, 6991
What are the prime factors of 456221?
503, 907
List the prime factors of 2246980.
2, 5, 112349
List the prime factors of 1541427.
3, 97, 5297
List the prime factors of 1199482.
2, 599741
What are the prime factors of 26423718?
2, 3, 19, 31, 7477
List the prime factors of 19712424.
2, 3, 19, 139, 311
List the prime factors of 5990414.
2, 29, 179, 577
List the prime factors of 5679060.
2, 3, 5, 94651
What are the prime factors of 109924?
2, 27481
List the prime factors of 31215842.
2, 7, 17, 41, 457
What are the prime factors of 143502?
2, 3, 23917
What are the prime factors of 766765?
5, 153353
List the prime factors of 242722.
2, 157, 773
What are the prime factors of 367117?
47, 73, 107
List the prime factors of 5118845.
5, 1023769
List the prime factors of 208574.
2, 104287
List the prime factors of 3857763.
3, 7, 13, 1087
What are the prime factors of 296733?
3, 98911
What are the prime factors of 202579?
13, 15583
List the prime factors of 244043.
244043
What are the prime factors of 2809679?
2809679
What are the prime factors of 11915192?
2, 1489399
List the prime factors of 10802103.
3, 13, 276977
List the prime factors of 1150900.
2, 5, 17, 677
What are the prime factors of 350717?
467, 751
What are the prime factors of 461469?
3, 101, 1523
List the prime factors of 375339.
3, 125113
What are the prime factors of 1695506?
2, 463, 1831
List the prime factors of 121593.
3, 40531
What are the prime factors of 223102?
2, 11, 10141
What are the prime factors of 810593?
7, 43, 2693
List the prime factors of 134842.
2, 67421
List the prime factors of 218974.
2, 7, 15641
List the prime factors of 11782512.
2, 3, 7, 11689
List the prime factors of 13120.
2, 5, 41
List the prime factors of 442942.
2, 221471
What are the prime factors of 559690?
2, 5, 97, 577
List the prime factors of 6090223.
6090223
List the prime factors of 1446826.
2, 723413
What are the prime factors of 4340703?
3, 1446901
List the prime factors of 221507.
11, 13, 1549
List the prime fact